e 2014?
False
Is 1514 a multiple of 44?
False
Does 44 divide 365?
False
Is 216 a multiple of 12?
True
Is 46 a factor of 460?
True
Is 84 a factor of 16968?
True
Is 3 a factor of 50?
False
Is 6636 a multiple of 28?
True
Is 59 a factor of 1751?
False
Is 1620 a multiple of 30?
True
Is 1030 a multiple of 206?
True
Is 515 a multiple of 5?
True
Is 36 a multiple of 12?
True
Does 2 divide 8059?
False
Is 179 a factor of 32399?
True
Does 151 divide 48186?
False
Is 9082 a multiple of 15?
False
Is 14 a factor of 28280?
True
Is 2025 a multiple of 5?
True
Is 5 a factor of 280?
True
Does 9 divide 9239?
False
Does 92 divide 10719?
False
Is 35775 a multiple of 135?
True
Is 15 a factor of 360?
True
Is 396 a multiple of 8?
False
Is 1343 a multiple of 13?
False
Is 73 a factor of 7513?
False
Does 106 divide 14711?
False
Does 100 divide 25400?
True
Is 10 a factor of 11139?
False
Does 32 divide 2656?
True
Is 21 a factor of 2037?
True
Does 5 divide 217?
False
Does 8 divide 18?
False
Does 3 divide 2133?
True
Is 39 a factor of 1010?
False
Is 99 a factor of 71973?
True
Is 3628 a multiple of 7?
False
Is 3277 a multiple of 113?
True
Is 202 a multiple of 6?
False
Is 65 a factor of 1166?
False
Is 1178 a multiple of 21?
False
Is 118 a multiple of 24?
False
Does 34 divide 3901?
False
Is 57 a factor of 114?
True
Does 18 divide 687?
False
Does 4 divide 59?
False
Is 54006 a multiple of 25?
False
Is 44 a factor of 1666?
False
Does 99 divide 93901?
False
Does 24 divide 2736?
True
Does 8 divide 19256?
True
Is 38 a factor of 1178?
True
Is 19 a factor of 209?
True
Does 11 divide 6438?
False
Is 23 a factor of 761?
False
Does 86 divide 2236?
True
Does 190 divide 5282?
False
Is 9268 a multiple of 105?
False
Is 37 a factor of 997?
False
Is 7059 a multiple of 11?
False
Is 4016 a multiple of 30?
False
Is 5 a factor of 63925?
True
Does 72 divide 9216?
True
Does 26 divide 78?
True
Does 20 divide 619?
False
Is 27 a factor of 9477?
True
Is 3 a factor of 579?
True
Is 14816 a multiple of 4?
True
Is 10 a factor of 179?
False
Is 10 a factor of 4300?
True
Is 18 a factor of 3813?
False
Is 1148 a multiple of 14?
True
Does 7 divide 13342?
True
Is 1306 a multiple of 6?
False
Is 508 a multiple of 3?
False
Does 53 divide 20988?
True
Is 13 a factor of 156?
True
Does 9 divide 271?
False
Does 76 divide 10603?
False
Does 22 divide 37180?
True
Does 11 divide 330?
True
Is 45747 a multiple of 39?
True
Is 3431 a multiple of 47?
True
Does 48 divide 4416?
True
Does 10 divide 23080?
True
Is 931 a multiple of 133?
True
Does 4 divide 35?
False
Does 14 divide 18094?
False
Does 18 divide 5652?
True
Is 7 a factor of 8918?
True
Is 26 a factor of 4394?
True
Does 53 divide 24486?
True
Is 28 a factor of 1804?
False
Is 794 a multiple of 36?
False
Does 10 divide 19400?
True
Is 3913 a multiple of 91?
True
Does 9 divide 4032?
True
Is 17 a factor of 7476?
False
Is 194 a factor of 16440?
False
Is 7 a factor of 17083?
False
Does 108 divide 22567?
False
Is 7551 a multiple of 9?
True
Does 4 divide 2104?
True
Is 1692 a multiple of 12?
True
Does 52 divide 10920?
True
Is 656 a multiple of 16?
True
Does 26 divide 8337?
False
Does 6 divide 3858?
True
Is 21 a multiple of 3?
True
Does 42 divide 1565?
False
Does 40 divide 520?
True
Is 68 a factor of 158380?
False
Does 34 divide 2040?
True
Does 105 divide 25426?
False
Is 8 a factor of 5192?
True
Is 89 a factor of 2492?
True
Is 24164 a multiple of 76?
False
Does 18 divide 2178?
True
Is 6 a factor of 11849?
False
Is 3913 a multiple of 47?
False
Does 29 divide 7743?
True
Does 12 divide 1860?
True
Is 3 a factor of 2561?
False
Is 33 a multiple of 5?
False
Does 35 divide 32095?
True
Does 131 divide 1965?
True
Is 1044 a multiple of 9?
True
Does 2 divide 92?
True
Does 14 divide 322?
True
Is 444 a multiple of 111?
True
Is 30 a factor of 5919?
False
Does 32 divide 544?
True
Is 1147 a multiple of 14?
False
Is 496 a multiple of 2?
True
Is 45446 a multiple of 62?
True
Does 13 divide 312?
True
Does 126 divide 8442?
True
Is 9 a factor of 4428?
True
Is 705 a multiple of 4?
False
Is 40 a factor of 160?
True
Is 556 a multiple of 30?
False
Is 18 a factor of 432?
True
Does 106 divide 3286?
True
Does 15 divide 528?
False
Does 38 divide 254?
False
Does 14 divide 2002?
True
Is 67 a factor of 3120?
False
Is 92 a multiple of 2?
True
Is 59 a factor of 442?
False
Does 69 divide 1026?
False
Is 312 a multiple of 13?
True
Is 325 a multiple of 7?
False
Does 119 divide 14875?
True
Is 4 a factor of 86?
False
Is 13 a factor of 2002?
True
Is 8618 a multiple of 107?
False
Is 15 a factor of 2448?
False
Is 19 a factor of 7049?
True
Is 353 a multiple of 3?
False
Is 4521 a multiple of 29?
False
Does 14 divide 273?
False
Does 40 divide 943?
False
Is 61 a factor of 32879?
True
Is 447 a multiple of 16?
False
Does 83 divide 14774?
True
Is 6 a factor of 2430?
True
Is 36 a factor of 46829?
False
Does 11 divide 11815?
False
Is 16423 a multiple of 160?
False
Does 53 divide 1996?
False
Does 9 divide 5076?
True
Is 10164 a multiple of 3?
True
Does 13 divide 40859?
True
Does 4 divide 289?
False
Is 2316 a multiple of 6?
True
Does 2 divide 315?
False
Is 9888 a multiple of 6?
True
Does 9 divide 5257?
False
Is 576 a multiple of 48?
True
Is 15 a factor of 495?
True
Is 68 a factor of 14144?
True
Does 11 divide 1435?
False
Is 95 a multiple of 95?
True
Is 182 a factor of 1907?
False
Is 37 a factor of 8251?
True
Is 35505 a multiple of 27?
True
Does 7 divide 399?
True
Is 224 a multiple of 16?
True
Is 566 a multiple of 13?
False
Is 48 a factor of 302?
False
Is 151 a factor of 12299?
False
Is 9908 a multiple of 100?
False
Is 2300 a multiple of 2?
True
Is 26 a factor of 26212?
False
Is 128 a multiple of 2?
True
Is 10 a factor of 707?
False
Is 133 a factor of 1939?
False
Does 5 divide 2423?
False
Is 209 a factor of 39292?
True
Is 20108 a multiple of 22?
True
Does 7 divide 273?
True
Does 42 divide 29064?
True
Does 10 divide 21583?
False
Is 75 a multiple of 15?
True
Does 13 divide 6578?
True
Is 11049 even?
False
Does 83 divide 4233?
True
Does 8 divide 252?
False
Is 7260 a multiple of 11?
True
Is 243 a factor of 14337?
True
Is 5 a factor of 4540?
True
Is 5 a factor of 134?
False
Is 24 a factor of 1968?
True
Does 23 divide 2070?
True
Is 12957 a multiple of 2?
False
Is 49 a factor of 2205?
True
Is 30565 a multiple of 118?
False
Is 22 a factor of 417?
False
Does 38 divide 152?
True
Is 312 a multiple of 2?
True
Is 60593 a multiple of 36?
False
Does 89 divide 89?
True
Is 7997 a multiple of 10?
False
Is 6 a factor of 342?
True
Is 66778 a multiple of 11?
False
Is 12 a factor of 4536?
True
Is 8 a factor of 1374?
False
Is 64 a factor of 25344?
True
Does 73 divide 11579?
False
Is 2477 a multiple of 13?
False
Does 81 divide 1947?
False
Is 5 a factor of 160?
True
Does 219 divide 46428?
True
Is 4896 a multiple of 24?
True
Is 8 a factor of 94?
False
Is 9 a factor of 36905?
False
Is 33411 a multiple of 131?
False
Is 63722 a multiple of 26?
False
Is 14 a factor of 174?
False
Does 61 divide 61?
True
Is 14 a factor of 2434?
False
Does 14 divide 4886?
True
Is 27186 a multiple of 99?
False
Is 93 a factor of 18693?
True
Is 112 a multiple of 4?
True
Does 91 divide 2275?
True
Does 36 divide 1548?
True
Does 30 divide 8880?
True
Is 657 a multiple of 16?
False
Does 124 divide 2020?
False
Is 151 a factor of 4489?
False
Is 69876 a multiple of 75?
False
Does 11 divide 3184?
False
Is 346 a factor of 44634?
True
Does 44 divide 28116?
True
Is 2 a factor of 1166?
True
Does 103 divide 31008?
False
Is 518 a multiple of 14?
True
Does 19 divide 2546?
True
Is 132 a factor of 13174?
False
Is 30 a factor of 7079?
False
Is 212 a multiple of 11?
False
Is 43 a factor of 858?
False
Is 816 a multiple of 17?
True
Does 95 divide 1481?
False
Does 9 divide 198?
True
Is 22 a factor of 22198?
True
Does 20 divide 150?
False
Is 3 a factor of 627?
True
Is 24182 a multiple of 18?
False
Is 24 a factor of 1212?
False
Is 7447 a multiple of 11?
True
Is 1685 a multiple of 21?
False
Is 57 a factor of 54036?
True
Is 19 a factor of 3149?
False
Does 11 divide 102?
False
Is 264 a multiple of 12?
True
Is 2361 a multiple of 60?
False
Does 99 divide 1584?
True
Is 25 a factor of 900?
True
Does 30 divide 720?
True
Is 435 a multiple of 4?
False
Does 132 divide 59084?
False
Does 8 divide 144?
True
Is 52156 a multiple of 34?
T